{"id":13,"date":"2013-01-01T14:22:43","date_gmt":"2013-01-01T14:22:43","guid":{"rendered":"http:\/\/www.alsit.ch\/?page_id=13"},"modified":"2013-01-01T14:54:04","modified_gmt":"2013-01-01T14:54:04","slug":"philosophie","status":"publish","type":"page","link":"https:\/\/www.alsit.ch\/?page_id=13","title":{"rendered":"Philosophie"},"content":{"rendered":"<p><strong>Praxisorientiert, zielorientiert, konzeptorientiert.<\/strong><br \/>\n<strong>Orientierung an den Prozessen der Schule.<\/strong><\/p>\n<p>ALSIT Advanced Learing Solutions steht f\u00fcr eine neue umfassende Informatik-Strategie f\u00fcr Schulen die sich an den\u00a0Kernprozessen der Schule orientiert. Dies sind:<\/p>\n<ul>\n<li>Lehren\/Lernen<\/li>\n<li>\u00dcben\/Trainieren<\/li>\n<li>Bewerten<\/li>\n<li>Unterrichtsplanung.<\/li>\n<\/ul>\n<p>In allen diesen Bereichen gibt es aktuell keine systematische IT-Unterst\u00fctzung. Gerade im Bereich der Kernprozesse der Schule liegt am meisten Potential,\u00a0<strong>Mehrwert zu schaffen und die Schulqualit\u00e4t entscheidend zu ver\u00e4ndern\/verbessern.<\/strong><\/p>\n<p>Die ALSIT-Informatikstrategie unterst\u00fctzt mit geeigneten Mitteln und Software die Schule dort, wo die wichtigsten Prozesse stattfinden. Und versucht nicht, Informatik-Elemente in die Schule einzubringen (\u201eWord unterrichten\u201c, Informatikunterricht).<\/p>\n<p>Die Strategie setzt weitgehende Ver\u00e4nderungen in den Schulformen voraus, bzw. unterst\u00fctzt bereits in Gang gesetzte Ver\u00e4nderungen wie z.B. <strong>integrative Schulung<\/strong> oder <strong>Individualisierung<\/strong>. Viele Ver\u00e4nderungen, insbesondere die <strong>Kompetenzenorientierung<\/strong>, sind aber bereits angedacht und werden in den n\u00e4chsten Jahren umgesetzt (Lehrplan 21).<\/p>\n<p>D.h. eine bereits bestehende Schul-Entwicklung wird durch die neue IT-Strategie entscheidend unterst\u00fctzt.<\/p>\n<p>Dieses IT-Konzept unterst\u00fctzt alle Schulstufen, von der Primarschule bis zur Oberstufe.<\/p>\n<p>Was die ALSIT-Strategie <strong>nicht<\/strong> ist:<\/p>\n<ul>\n<li><span style=\"line-height: 16px;\">Sie ist <strong>kein Ersatz f\u00fcr den Lehrperson<\/strong>. Im Gegenteil: Sie ist so ausgelegt, dass die Lehrer entlastet werden und gleichzeitig besser informiert sind \u00fcber den individuellen Lernstand der Sch\u00fclerinnen und Sch\u00fcler.<\/span><\/li>\n<li>Sie <strong>ersetzt nicht nicht Beziehung<\/strong> der Lehrperson zu den Sch\u00fclern mit einem Computer. Im Gegenteil: Sie erm\u00f6glicht Unterrichtssituationen, die ein individuelles Betreuung\u00a0der Sch\u00fclerinnen und Sch\u00fcler beg\u00fcnstigen.<\/li>\n<\/ul>\n","protected":false},"excerpt":{"rendered":"<p>Praxisorientiert, zielorientiert, konzeptorientiert. Orientierung an den Prozessen der Schule. ALSIT Advanced Learing Solutions steht f\u00fcr eine neue umfassende Informatik-Strategie f\u00fcr Schulen die sich an den\u00a0Kernprozessen der Schule orientiert. Dies sind: Lehren\/Lernen \u00dcben\/Trainieren Bewerten Unterrichtsplanung. In allen diesen Bereichen gibt es &hellip; <a href=\"https:\/\/www.alsit.ch\/?page_id=13\">Continue reading <span class=\"meta-nav\">&rarr;<\/span><\/a><\/p>\n","protected":false},"author":1,"featured_media":0,"parent":0,"menu_order":20,"comment_status":"closed","ping_status":"closed","template":"","meta":{"footnotes":""},"class_list":["post-13","page","type-page","status-publish","hentry"],"_links":{"self":[{"href":"https:\/\/www.alsit.ch\/index.php?rest_route=\/wp\/v2\/pages\/13","targetHints":{"allow":["GET"]}}],"collection":[{"href":"https:\/\/www.alsit.ch\/index.php?rest_route=\/wp\/v2\/pages"}],"about":[{"href":"https:\/\/www.alsit.ch\/index.php?rest_route=\/wp\/v2\/types\/page"}],"author":[{"embeddable":true,"href":"https:\/\/www.alsit.ch\/index.php?rest_route=\/wp\/v2\/users\/1"}],"replies":[{"embeddable":true,"href":"https:\/\/www.alsit.ch\/index.php?rest_route=%2Fwp%2Fv2%2Fcomments&post=13"}],"version-history":[{"count":10,"href":"https:\/\/www.alsit.ch\/index.php?rest_route=\/wp\/v2\/pages\/13\/revisions"}],"predecessor-version":[{"id":25,"href":"https:\/\/www.alsit.ch\/index.php?rest_route=\/wp\/v2\/pages\/13\/revisions\/25"}],"wp:attachment":[{"href":"https:\/\/www.alsit.ch\/index.php?rest_route=%2Fwp%2Fv2%2Fmedia&parent=13"}],"curies":[{"name":"wp","href":"https:\/\/api.w.org\/{rel}","templated":true}]}}